) = -7*o(i) - 6*r(i). What is the remainder when k(-15) is divided by 11?
9
Let n = 38 - 3. Let i(r) be the third derivative of -7*r**4/6 - 59*r**3/2 - 32*r**2 + 2. Calculate the remainder when i(-10) is divided by n.
33
Let a = 12 - 20. Let k be a/10 + 918/10. Let n = -82 + k. Calculate the remainder when 30 is divided by n.
3
Let v(p) = -39*p - 61. Suppose -m = 6*m + 70. What is the remainder when v(m) is divided by 55?
54
Let i(v) be the second derivative of v**5/20 + 7*v**4/12 - 35*v**3/6 - 12*v**2 + 26*v. Calculate the remainder when 177 is divided by i(-10).
21
Suppose -18*w + 36*w = 2448. Calculate the remainder when w is divided by 51.
34
Suppose 496 - 223 = 13*z. Calculate the remainder when 1291 is divided by z.
10
Let b = 16534 + -16380. Calculate the remainder when b is divided by 82.
72
Let s = 263 - 980. Let k = s + 729. What is the remainder when 57 is divided by k?
9
Let i be 2/14*22 + (-23)/161. Suppose i*a - 15 = 3. What is the remainder when 2/(4/a) + 1 is divided by 3?
1
Suppose -33*f - 1142 = -12428. What is the remainder when f is divided by 90?
72
Suppose 9*r = 8*r + 78. Let w = r - 64. Calculate the remainder when (-11)/(3/30*-2) is divided by w.
13
Let h = 27 - -34. What is the remainder when h is divided by -1*(2 - 4/((-8)/(-66)))?
30
Suppose -212 = -5*m + 123. What is the remainder when m is divided by (28/(-28))/(((-3)/(-42))/(5/(-10)))?
4
Let c be (1*2/(-4)*-6)/1. Suppose -v - q = -74, v - 301 = -c*v + q. Let b(d) = -d**3 + 7*d**2 - 3*d - 2. Calculate the remainder when v is divided by b(6).
11
What is the remainder when (2*(-129)/6)/((-6)/12) is divided by 35?
16
Let q be ((-5)/(-15))/(2/582). Suppose 35 = 98*p - q*p. What is the remainder when p is divided by 19?
16
Let l(b) = 3*b**2 - 110*b + 522. Calculate the remainder when 563 is divided by l(5).
46
What is the remainder when 10 + (-322)/(-7) + 2 is divided by -3 + 21 + 3/(-1)?
13
Suppose 2*m = 4*z + 120 + 206, 2*m - 3*z = 327. Suppose 0 = -0*g + 11*g - m. What is the remainder when 39 is divided by g?
9
Let m = -4569 - -4826. Calculate the remainder when m is divided by 41.
11
Let w(v) = v**2 - 9*v - 208. What is the remainder when 441 is divided by w(-14)?
99
Let z be (-9 - (1 + (0 - 2))) + 4. Let y = 25 + -3. What is the remainder when 0 + 42 + z + -1 is divided by y?
15
Let k(f) = 44*f - 351. What is the remainder when 221 is divided by k(9)?
41
Suppose -2*b - 5*t - 213 = -1181, 2*t = 4. Calculate the remainder when b is divided by 467.
12
Suppose -6*i - 945 = -i - 5*t, 5*t + 385 = -2*i. Let k = -176 - i. What is the remainder when 95 is divided by k?
11
Let q = -6248 - -6350. What is the remainder when 1592 is divided by q?
62
Let v = -1851 + 1930. Calculate the remainder when 133 is divided by v.
54
Let q(j) = j**3 - 3*j**2 - 15*j + 38. Let w be q(11). Let v = 857 - w. What is the remainder when 107 is divided by v?
11
Suppose -m + 2*z + 68 = 0, m = 4*z + 48 + 24. What is the remainder when m is divided by 41?
23
Suppose -1127*g + 1147*g = 3400. Calculate the remainder when g is divided by 63.
44
What is the remainder when (-324)/(-24)*(-57390)/(-45) is divided by 82?
79
Suppose 177 - 93 = 7*i. Calculate the remainder when 122 is divided by i.
2
Suppose -4*s - f = -47 + 5, 2*s - 32 = 5*f. Let j(q) be the second derivative of q**4/12 - 3*q**2 + 7*q. What is the remainder when s is divided by j(-3)?
2
Let w be (-14)/(-7) + -6 + 13. Suppose w*b - 17 = 100. Calculate the remainder when 36 is divided by b.
10
What is the remainder when 335 is divided by (-1)/((-6)/(19224/(-12))*3*-1)?
68
Let r = -64 + 63. Let t be 1251/36*(4 - (r + 1)). Suppose 5*y = t + 116. What is the remainder when y is divided by 26?
25
What is the remainder when 1415 is divided by (3 + 2 + -3)/10 + 21096/45?
8
Suppose -184 = 15*z - 19*z. Suppose 12 = 2*d + 2*n, n - 6*n + 24 = 3*d. Suppose 19 = -d*r + z. Calculate the remainder when r is divided by 5.
4
Suppose 3*s = 5*s - 224. Suppose 0*w + 654 = 41*w - 535. Calculate the remainder when s is divided by w.
25
Calculate the remainder when (-8 - -3002) + 3/(-6)*-4 is divided by 27.
26
Suppose 113 - 45 = 4*c. Suppose 2*u - y - 222 = 0, -u = 4*y - 0*y - 102. Suppose 0 = -5*m - 6*m + u. What is the remainder when c is divided by m?
7
Suppose j + 7 - 148 = -3*k, -2*j - 5*k + 284 = 0. Calculate the remainder when j is divided by 52.
43
Suppose 3*p - 117 = -2*q + 122, 0 = -5*q - 4*p + 580. What is the remainder when q is divided by 17?
10
What is the remainder when 117 is divided by (-67)/(1273/(-190)) + ((-6)/2)/1?
5
Let l = -180 - -186. Suppose c - 25 = 3*h - 3, 57 = 3*c - l*h. Calculate the remainder when 47 is divided by c.
8
Let a = 8216 - 8199. Calculate the remainder when 1844 is divided by a.
8
Calculate the remainder when -13 + 68 - (20/(-6) - 20/30) is divided by 28.
3
Suppose 0 = 57*p - 51*p - 84. Suppose 5*s = 6*s. Suppose s = 3*v + v - 152. Calculate the remainder when v is divided by p.
10
Let g(v) = 3*v**2 - 3*v + 1 + 12*v**2 + 4*v. Suppose 3*l + 489*j - 486*j - 180 = 0, 0 = -3*l - 5*j + 158. What is the remainder when l is divided by g(-1)?
11
Let g(v) = 2*v**3 + 42*v**2 - 14*v - 251. Calculate the remainder when 4017 is divided by g(-21).
18
Suppose 7 + 7 = h + 2*p, 2*p = -3*h + 34. Suppose 5*z = h*z - 115. Let f = 703 - 617. What is the remainder when f is divided by z?
17
Let j(q) = 28*q**2 - 13*q + 29. Calculate the remainder when j(-9) is divided by 37.
9
Suppose -18*p + 834 + 3396 = 0. Suppose -2*l = c - 215, -c = -0*c - 3*l - p. What is the remainder when c is divided by 38?
33
Let i = -3991 - -4839. Calculate the remainder when i is divided by 140.
8
Suppose -w = -4*z + z + 34, -42 = -4*z - 2*w. What is the remainder when 119 is divided by 6/33 + 218/z - -5?
19
Let o = 214 - 31. Suppose -g + 89 = -0*k - k, -3*k - o = -2*g. What is the remainder when g is divided by 39?
6
Suppose 0 = 4*u + 20 - 164. What is the remainder when 23 is divided by (-322)/(-92)*u/14?
5
What is the remainder when 431 is divided by -1 - (-7)/(14/50)?
23
Let q(n) = -5*n + 10. Let l be q(3). Let t be (l/(-2))/((-7)/14). Let a(i) = 3*i**2 + 12*i - 6. Calculate the remainder when 21 is divided by a(t).
3
Let v(q) = q**2 + 37*q + 23. Let d be v(10). Suppose d = 7*r - 494. Calculate the remainder when r is divided by 18.
15
Let l(d) = d + 26. Let p be ((-104)/12)/((-34)/51). What is the remainder when 81 is divided by l(p)?
3
Suppose 3*i + 198 = 3*s, 6*i - 3*i - 314 = -5*s. Suppose -211 = -36*f + 329. Calculate the remainder when s is divided by f.
4
Suppose 2*h + 18 = 2*y - 38, 5*y - 3*h - 148 = 0. Calculate the remainder when y is divided by (-1 + 27/15)*(-1170)/(-52).
14
Let b(c) = 2*c**2 + 22*c - 7. Let y be b(-16). Let h = 256 - y. Suppose 2*w = -3*m + 238 + h, 4*w = -4*m + 452. What is the remainder when m is divided by 9?
7
Let a = 88 - 99. What is the remainder when 124 is divided by (-1 - -15)*(-12 - -4 - a)?
40
Let d(f) = -11*f + 189. What is the remainder when 312 is divided by d(14)?
32
Suppose -6*k + 8*k = 3*n + 23, 5*k - 3*n = 62. Calculate the remainder when (42/(-18) - (-2)/(-3)) + 37 is divided by k.
8
Suppose 45 = 8*v - 299. Let d = -71 - -39. What is the remainder when v is divided by (d/(-24))/4 - (-47)/3?
11
Suppose 3*k = 4*c + 537, -21*k + 23*k = -3*c + 358. Calculate the remainder when k is divided by 25.
4
Let t(r) = 39*r - 197. Let j be t(5). What is the remainder when 142 is divided by 430/15 - j/6?
26
Suppose 8*j - 7*j = -0*j. Suppose 3*c - 11 - 7 = j. Calculate the remainder when c/21 + 761/7 is divided by 28.
25
Let t = -188978 - -189703. Suppose 0 = 5*q - 30 - 100. What is the remainder when t is divided by q?
23
Let t(g) = g**3 - 28*g**2 - 25*g - 26. Let p(y) = y**3 - 12*y**2 + y + 17. Let u be p(12). Calculate the remainder when t(u) is divided by 35.
20
Suppose -2*w + 36 - 24 = 0. Suppose -3*d - 5*j = -w*d + 50, 27 = 2*d + 3*j. What is the remainder when (-89)/(-3) - 2/3 is divided by d?
14
Let r(p) = -39*p + 287. Let w(l) = 5*l - 3. Let v be 0 + 4*12/8. Calculate the remainder when w(v) is divided by r(7).
13
Let q be (-2 + -29)/(1/3). Let w = -57 - q. Let p(s) = s**2 - 1387*s + 11138. What is the remainder when p(8) is divided by w?
34
Let n(l) = 4*l**2 + 7*l**2 - 15*l**2 + 6*l - 104 + 5*l**2. Calculate the remai